{"id":3547,"date":"2023-04-13T11:23:58","date_gmt":"2023-04-13T09:23:58","guid":{"rendered":"https:\/\/brest-ecologie.bzh\/?page_id=3547"},"modified":"2023-04-13T11:24:00","modified_gmt":"2023-04-13T09:24:00","slug":"eau-et-assainissement","status":"publish","type":"page","link":"https:\/\/brest-ecologie.bzh\/?page_id=3547","title":{"rendered":"Eau et assainissement"},"content":{"rendered":"\n<div class=\"wp-block-group alignfull has-background\" style=\"background-color:#78b42a\"><div class=\"wp-block-group__inner-container is-layout-flow wp-block-group-is-layout-flow\">\n<h1 class=\"alignwide has-text-align-center has-text-color wp-block-heading\" style=\"color:#ffffff\">Eau et assainissement<\/h1>\n\n\n\n<p class=\"has-text-align-center has-text-color has-large-font-size\" style=\"color:#ffffff\">Assurer la ressource en eau, veiller \u00e0 la qualit\u00e9 de l&rsquo;eau, g\u00e9rer les eaux pluviales, l&rsquo;assainissement et le traitement des eaux us\u00e9es&#8230; Travailler en coordination avec tous les acteurs de l&rsquo;eau : Eau du Ponant, Syndicats de bassin, Laboc\u00e9a, associations, citoyen.ne.s, etc.<\/p>\n<\/div><\/div>\n\n\n\n<div class=\"wp-block-group alignfull\"><div class=\"wp-block-group__inner-container is-layout-flow wp-block-group-is-layout-flow\">\n<h2 class=\"has-text-align-center wp-block-heading\">Sur ce sujet<\/h2>\n\n\n<ul class=\"wp-block-latest-posts__list is-grid columns-3 has-dates alignwide tw-mt-8 is-style-tw-posts-card tw-img-ratio-3-2 tw-heading-size-medium tw-stretched-link wp-block-latest-posts\"><li><div class=\"wp-block-latest-posts__featured-image\"><img loading=\"lazy\" decoding=\"async\" width=\"580\" height=\"435\" src=\"https:\/\/brest-ecologie.bzh\/wp-content\/uploads\/2026\/03\/kertatupage_parc-inondable_credits-1-1024x768.png\" class=\"attachment-large size-large wp-post-image\" alt=\"\" style=\"\" srcset=\"https:\/\/brest-ecologie.bzh\/wp-content\/uploads\/2026\/03\/kertatupage_parc-inondable_credits-1-1024x768.png 1024w, https:\/\/brest-ecologie.bzh\/wp-content\/uploads\/2026\/03\/kertatupage_parc-inondable_credits-1-300x225.png 300w, https:\/\/brest-ecologie.bzh\/wp-content\/uploads\/2026\/03\/kertatupage_parc-inondable_credits-1-768x576.png 768w, https:\/\/brest-ecologie.bzh\/wp-content\/uploads\/2026\/03\/kertatupage_parc-inondable_credits-1-1200x900.png 1200w, https:\/\/brest-ecologie.bzh\/wp-content\/uploads\/2026\/03\/kertatupage_parc-inondable_credits-1.png 1229w\" sizes=\"auto, (min-width: 1280px) 378px, (min-width: 1024px) calc(33.33vw - 48px), (min-width: 700px) calc(50vw - 56px), calc(100vw - 40px)\" \/><\/div><a class=\"wp-block-latest-posts__post-title\" href=\"https:\/\/brest-ecologie.bzh\/?p=5160\">Bassin de Kertatupage : un exemple d&rsquo;adaptation<\/a><time datetime=\"2026-03-05T11:30:38+01:00\" class=\"wp-block-latest-posts__post-date\">5 mars 2026<\/time><\/li>\n<li><div class=\"wp-block-latest-posts__featured-image\"><img loading=\"lazy\" decoding=\"async\" width=\"580\" height=\"326\" src=\"https:\/\/brest-ecologie.bzh\/wp-content\/uploads\/2025\/12\/vignette_Allocation_eau-1024x576.jpg\" class=\"attachment-large size-large wp-post-image\" alt=\"Pr\u00e9sentation allocation eau Brest m\u00e9tropole 2026\" style=\"\" srcset=\"https:\/\/brest-ecologie.bzh\/wp-content\/uploads\/2025\/12\/vignette_Allocation_eau-1024x576.jpg 1024w, https:\/\/brest-ecologie.bzh\/wp-content\/uploads\/2025\/12\/vignette_Allocation_eau-300x169.jpg 300w, https:\/\/brest-ecologie.bzh\/wp-content\/uploads\/2025\/12\/vignette_Allocation_eau-768x432.jpg 768w, https:\/\/brest-ecologie.bzh\/wp-content\/uploads\/2025\/12\/vignette_Allocation_eau-1536x864.jpg 1536w, https:\/\/brest-ecologie.bzh\/wp-content\/uploads\/2025\/12\/vignette_Allocation_eau-1200x675.jpg 1200w, https:\/\/brest-ecologie.bzh\/wp-content\/uploads\/2025\/12\/vignette_Allocation_eau-1320x743.jpg 1320w, https:\/\/brest-ecologie.bzh\/wp-content\/uploads\/2025\/12\/vignette_Allocation_eau.jpg 1920w\" sizes=\"auto, (min-width: 1280px) 378px, (min-width: 1024px) calc(33.33vw - 48px), (min-width: 700px) calc(50vw - 56px), calc(100vw - 40px)\" \/><\/div><a class=\"wp-block-latest-posts__post-title\" href=\"https:\/\/brest-ecologie.bzh\/?p=5105\">Nathalie Chaline &#8211; Allocation Eau pour 2026<\/a><time datetime=\"2025-12-30T16:55:24+01:00\" class=\"wp-block-latest-posts__post-date\">30 d\u00e9cembre 2025<\/time><\/li>\n<li><div class=\"wp-block-latest-posts__featured-image\"><img loading=\"lazy\" decoding=\"async\" width=\"580\" height=\"326\" src=\"https:\/\/brest-ecologie.bzh\/wp-content\/uploads\/2025\/12\/VignettedegressiviteNathalie-1024x576.jpg\" class=\"attachment-large size-large wp-post-image\" alt=\"Pr\u00e9sentation Nathalie Chaline fin de la d\u00e9gressivit\u00e9 des tarifs de l&#039;eau\" style=\"\" srcset=\"https:\/\/brest-ecologie.bzh\/wp-content\/uploads\/2025\/12\/VignettedegressiviteNathalie-1024x576.jpg 1024w, https:\/\/brest-ecologie.bzh\/wp-content\/uploads\/2025\/12\/VignettedegressiviteNathalie-300x169.jpg 300w, https:\/\/brest-ecologie.bzh\/wp-content\/uploads\/2025\/12\/VignettedegressiviteNathalie-768x432.jpg 768w, https:\/\/brest-ecologie.bzh\/wp-content\/uploads\/2025\/12\/VignettedegressiviteNathalie-1536x864.jpg 1536w, https:\/\/brest-ecologie.bzh\/wp-content\/uploads\/2025\/12\/VignettedegressiviteNathalie-1200x675.jpg 1200w, https:\/\/brest-ecologie.bzh\/wp-content\/uploads\/2025\/12\/VignettedegressiviteNathalie-1320x743.jpg 1320w, https:\/\/brest-ecologie.bzh\/wp-content\/uploads\/2025\/12\/VignettedegressiviteNathalie.jpg 1920w\" sizes=\"auto, (min-width: 1280px) 378px, (min-width: 1024px) calc(33.33vw - 48px), (min-width: 700px) calc(50vw - 56px), calc(100vw - 40px)\" \/><\/div><a class=\"wp-block-latest-posts__post-title\" href=\"https:\/\/brest-ecologie.bzh\/?p=5102\">Nathalie Chaline &#8211; Fin de la d\u00e9gressivit\u00e9 du prix de l&rsquo;eau<\/a><time datetime=\"2025-12-30T16:45:12+01:00\" class=\"wp-block-latest-posts__post-date\">30 d\u00e9cembre 2025<\/time><\/li>\n<li><div class=\"wp-block-latest-posts__featured-image\"><img loading=\"lazy\" decoding=\"async\" width=\"580\" height=\"326\" src=\"https:\/\/brest-ecologie.bzh\/wp-content\/uploads\/2025\/12\/vignette-PPIeau-1024x576.jpg\" class=\"attachment-large size-large wp-post-image\" alt=\"PPI eau assainissement\" style=\"\" srcset=\"https:\/\/brest-ecologie.bzh\/wp-content\/uploads\/2025\/12\/vignette-PPIeau-1024x576.jpg 1024w, https:\/\/brest-ecologie.bzh\/wp-content\/uploads\/2025\/12\/vignette-PPIeau-300x169.jpg 300w, https:\/\/brest-ecologie.bzh\/wp-content\/uploads\/2025\/12\/vignette-PPIeau-768x432.jpg 768w, https:\/\/brest-ecologie.bzh\/wp-content\/uploads\/2025\/12\/vignette-PPIeau-1536x864.jpg 1536w, https:\/\/brest-ecologie.bzh\/wp-content\/uploads\/2025\/12\/vignette-PPIeau-1200x675.jpg 1200w, https:\/\/brest-ecologie.bzh\/wp-content\/uploads\/2025\/12\/vignette-PPIeau-1320x743.jpg 1320w, https:\/\/brest-ecologie.bzh\/wp-content\/uploads\/2025\/12\/vignette-PPIeau.jpg 1920w\" sizes=\"auto, (min-width: 1280px) 378px, (min-width: 1024px) calc(33.33vw - 48px), (min-width: 700px) calc(50vw - 56px), calc(100vw - 40px)\" \/><\/div><a class=\"wp-block-latest-posts__post-title\" href=\"https:\/\/brest-ecologie.bzh\/?p=5097\">Nathalie Chaline &#8211; Actualisation des tarifs eau et assainissement<\/a><time datetime=\"2025-12-30T16:15:33+01:00\" class=\"wp-block-latest-posts__post-date\">30 d\u00e9cembre 2025<\/time><\/li>\n<li><div class=\"wp-block-latest-posts__featured-image\"><img loading=\"lazy\" decoding=\"async\" width=\"580\" height=\"326\" src=\"https:\/\/brest-ecologie.bzh\/wp-content\/uploads\/2025\/10\/251010_Vignette_debut_EDP-1024x576.jpg\" class=\"attachment-large size-large wp-post-image\" alt=\"SPL Eau du Ponant - 2024 Nathalie Chaline\" style=\"\" srcset=\"https:\/\/brest-ecologie.bzh\/wp-content\/uploads\/2025\/10\/251010_Vignette_debut_EDP-1024x576.jpg 1024w, https:\/\/brest-ecologie.bzh\/wp-content\/uploads\/2025\/10\/251010_Vignette_debut_EDP-300x169.jpg 300w, https:\/\/brest-ecologie.bzh\/wp-content\/uploads\/2025\/10\/251010_Vignette_debut_EDP-768x432.jpg 768w, https:\/\/brest-ecologie.bzh\/wp-content\/uploads\/2025\/10\/251010_Vignette_debut_EDP-1536x864.jpg 1536w, https:\/\/brest-ecologie.bzh\/wp-content\/uploads\/2025\/10\/251010_Vignette_debut_EDP-1200x675.jpg 1200w, https:\/\/brest-ecologie.bzh\/wp-content\/uploads\/2025\/10\/251010_Vignette_debut_EDP-1320x743.jpg 1320w, https:\/\/brest-ecologie.bzh\/wp-content\/uploads\/2025\/10\/251010_Vignette_debut_EDP.jpg 1920w\" sizes=\"auto, (min-width: 1280px) 378px, (min-width: 1024px) calc(33.33vw - 48px), (min-width: 700px) calc(50vw - 56px), calc(100vw - 40px)\" \/><\/div><a class=\"wp-block-latest-posts__post-title\" href=\"https:\/\/brest-ecologie.bzh\/?p=4895\">Nathalie Chaline &#8211; Eau du Ponant : Les faits marquants pour  2024<\/a><time datetime=\"2025-10-21T12:20:43+02:00\" class=\"wp-block-latest-posts__post-date\">21 octobre 2025<\/time><\/li>\n<li><div class=\"wp-block-latest-posts__featured-image\"><img loading=\"lazy\" decoding=\"async\" width=\"541\" height=\"314\" src=\"https:\/\/brest-ecologie.bzh\/wp-content\/uploads\/2025\/02\/projection_nouvelle_usine.png\" class=\"attachment-large size-large wp-post-image\" alt=\"projection nouvelle usine pont ar bled\" style=\"\" srcset=\"https:\/\/brest-ecologie.bzh\/wp-content\/uploads\/2025\/02\/projection_nouvelle_usine.png 541w, https:\/\/brest-ecologie.bzh\/wp-content\/uploads\/2025\/02\/projection_nouvelle_usine-300x174.png 300w\" sizes=\"auto, (min-width: 1280px) 378px, (min-width: 1024px) calc(33.33vw - 48px), (min-width: 700px) calc(50vw - 56px), calc(100vw - 40px)\" \/><\/div><a class=\"wp-block-latest-posts__post-title\" href=\"https:\/\/brest-ecologie.bzh\/?p=4728\">Premi\u00e8re pierre du chantier de l&rsquo;usine de Pont ar Bled<\/a><time datetime=\"2025-02-21T16:37:30+01:00\" class=\"wp-block-latest-posts__post-date\">21 f\u00e9vrier 2025<\/time><\/li>\n<\/ul>\n\n\n<div class=\"wp-block-buttons is-content-justification-center is-layout-flex wp-block-buttons-is-layout-flex\">\n<div class=\"wp-block-button\"><a class=\"wp-block-button__link\" href=\"http:\/\/brest-ecologie.bzh\/?cat=37\" style=\"border-radius:15px\" target=\"_blank\" rel=\"noreferrer noopener\">Voir plus<\/a><\/div>\n<\/div>\n<\/div><\/div>\n\n\n\n<p><\/p>\n","protected":false},"excerpt":{"rendered":"<p>Eau et assainissement Assurer la ressource en eau, veiller \u00e0 la qualit\u00e9 de l&rsquo;eau, g\u00e9rer les eaux pluviales, l&rsquo;assainissement et le traitement des eaux us\u00e9es&#8230; Travailler en coordination avec tous les acteurs de l&rsquo;eau : Eau du Ponant, Syndicats de bassin, Laboc\u00e9a, associations, citoyen.ne.s, etc. Sur ce sujet<\/p>\n","protected":false},"author":2,"featured_media":0,"parent":0,"menu_order":0,"comment_status":"closed","ping_status":"closed","template":"tw-header-transparent-light.php","meta":{"footnotes":""},"class_list":["post-3547","page","type-page","status-publish","hentry"],"yoast_head":"<!-- This site is optimized with the Yoast SEO plugin v23.0 - https:\/\/yoast.com\/wordpress\/plugins\/seo\/ -->\n<title>Eau et assainissement - Elu\u00b7es \u00e9cologistes Brest<\/title>\n<meta name=\"robots\" content=\"index, follow, max-snippet:-1, max-image-preview:large, max-video-preview:-1\" \/>\n<link rel=\"canonical\" href=\"https:\/\/brest-ecologie.bzh\/?page_id=3547\" \/>\n<meta property=\"og:locale\" content=\"fr_FR\" \/>\n<meta property=\"og:type\" content=\"article\" \/>\n<meta property=\"og:title\" content=\"Eau et assainissement - Elu\u00b7es \u00e9cologistes Brest\" \/>\n<meta property=\"og:description\" content=\"Eau et assainissement Assurer la ressource en eau, veiller \u00e0 la qualit\u00e9 de l&rsquo;eau, g\u00e9rer les eaux pluviales, l&rsquo;assainissement et le traitement des eaux us\u00e9es&#8230; Travailler en coordination avec tous les acteurs de l&rsquo;eau : Eau du Ponant, Syndicats de bassin, Laboc\u00e9a, associations, citoyen.ne.s, etc. Sur ce sujet\" \/>\n<meta property=\"og:url\" content=\"https:\/\/brest-ecologie.bzh\/?page_id=3547\" \/>\n<meta property=\"og:site_name\" content=\"Elu\u00b7es \u00e9cologistes Brest\" \/>\n<meta property=\"article:publisher\" content=\"https:\/\/www.facebook.com\/Elu.e.sEcoloBrest\" \/>\n<meta property=\"article:modified_time\" content=\"2023-04-13T09:24:00+00:00\" \/>\n<meta name=\"twitter:card\" content=\"summary_large_image\" \/>\n<meta name=\"twitter:site\" content=\"@BrestEcologie\" \/>\n<meta name=\"twitter:label1\" content=\"Dur\u00e9e de lecture estim\u00e9e\" \/>\n\t<meta name=\"twitter:data1\" content=\"1 minute\" \/>\n<script type=\"application\/ld+json\" class=\"yoast-schema-graph\">{\"@context\":\"https:\/\/schema.org\",\"@graph\":[{\"@type\":\"WebPage\",\"@id\":\"https:\/\/brest-ecologie.bzh\/?page_id=3547\",\"url\":\"https:\/\/brest-ecologie.bzh\/?page_id=3547\",\"name\":\"Eau et assainissement - Elu\u00b7es \u00e9cologistes Brest\",\"isPartOf\":{\"@id\":\"https:\/\/brest-ecologie.bzh\/#website\"},\"datePublished\":\"2023-04-13T09:23:58+00:00\",\"dateModified\":\"2023-04-13T09:24:00+00:00\",\"breadcrumb\":{\"@id\":\"https:\/\/brest-ecologie.bzh\/?page_id=3547#breadcrumb\"},\"inLanguage\":\"fr-FR\",\"potentialAction\":[{\"@type\":\"ReadAction\",\"target\":[\"https:\/\/brest-ecologie.bzh\/?page_id=3547\"]}]},{\"@type\":\"BreadcrumbList\",\"@id\":\"https:\/\/brest-ecologie.bzh\/?page_id=3547#breadcrumb\",\"itemListElement\":[{\"@type\":\"ListItem\",\"position\":1,\"name\":\"Accueil\",\"item\":\"https:\/\/brest-ecologie.bzh\/\"},{\"@type\":\"ListItem\",\"position\":2,\"name\":\"Eau et assainissement\"}]},{\"@type\":\"WebSite\",\"@id\":\"https:\/\/brest-ecologie.bzh\/#website\",\"url\":\"https:\/\/brest-ecologie.bzh\/\",\"name\":\"Elu\u00b7e\u00b7s \u00e9cologistes Brest\",\"description\":\"\",\"publisher\":{\"@id\":\"https:\/\/brest-ecologie.bzh\/#organization\"},\"potentialAction\":[{\"@type\":\"SearchAction\",\"target\":{\"@type\":\"EntryPoint\",\"urlTemplate\":\"https:\/\/brest-ecologie.bzh\/?s={search_term_string}\"},\"query-input\":\"required name=search_term_string\"}],\"inLanguage\":\"fr-FR\"},{\"@type\":\"Organization\",\"@id\":\"https:\/\/brest-ecologie.bzh\/#organization\",\"name\":\"Elu\u00b7e\u00b7s \u00e9cologistes de Brest ville et m\u00e9tropole\",\"url\":\"https:\/\/brest-ecologie.bzh\/\",\"logo\":{\"@type\":\"ImageObject\",\"inLanguage\":\"fr-FR\",\"@id\":\"https:\/\/brest-ecologie.bzh\/#\/schema\/logo\/image\/\",\"url\":\"https:\/\/brest-ecologie.bzh\/wp-content\/uploads\/2021\/02\/logo-elus.png\",\"contentUrl\":\"https:\/\/brest-ecologie.bzh\/wp-content\/uploads\/2021\/02\/logo-elus.png\",\"width\":2300,\"height\":921,\"caption\":\"Elu\u00b7e\u00b7s \u00e9cologistes de Brest ville et m\u00e9tropole\"},\"image\":{\"@id\":\"https:\/\/brest-ecologie.bzh\/#\/schema\/logo\/image\/\"},\"sameAs\":[\"https:\/\/www.facebook.com\/Elu.e.sEcoloBrest\",\"https:\/\/x.com\/BrestEcologie\",\"https:\/\/www.youtube.com\/channel\/UCF26X4ImxDdDiydIKxoA2WA\"]}]}<\/script>\n<!-- \/ Yoast SEO plugin. -->","yoast_head_json":{"title":"Eau et assainissement - Elu\u00b7es \u00e9cologistes Brest","robots":{"index":"index","follow":"follow","max-snippet":"max-snippet:-1","max-image-preview":"max-image-preview:large","max-video-preview":"max-video-preview:-1"},"canonical":"https:\/\/brest-ecologie.bzh\/?page_id=3547","og_locale":"fr_FR","og_type":"article","og_title":"Eau et assainissement - Elu\u00b7es \u00e9cologistes Brest","og_description":"Eau et assainissement Assurer la ressource en eau, veiller \u00e0 la qualit\u00e9 de l&rsquo;eau, g\u00e9rer les eaux pluviales, l&rsquo;assainissement et le traitement des eaux us\u00e9es&#8230; Travailler en coordination avec tous les acteurs de l&rsquo;eau : Eau du Ponant, Syndicats de bassin, Laboc\u00e9a, associations, citoyen.ne.s, etc. Sur ce sujet","og_url":"https:\/\/brest-ecologie.bzh\/?page_id=3547","og_site_name":"Elu\u00b7es \u00e9cologistes Brest","article_publisher":"https:\/\/www.facebook.com\/Elu.e.sEcoloBrest","article_modified_time":"2023-04-13T09:24:00+00:00","twitter_card":"summary_large_image","twitter_site":"@BrestEcologie","twitter_misc":{"Dur\u00e9e de lecture estim\u00e9e":"1 minute"},"schema":{"@context":"https:\/\/schema.org","@graph":[{"@type":"WebPage","@id":"https:\/\/brest-ecologie.bzh\/?page_id=3547","url":"https:\/\/brest-ecologie.bzh\/?page_id=3547","name":"Eau et assainissement - Elu\u00b7es \u00e9cologistes Brest","isPartOf":{"@id":"https:\/\/brest-ecologie.bzh\/#website"},"datePublished":"2023-04-13T09:23:58+00:00","dateModified":"2023-04-13T09:24:00+00:00","breadcrumb":{"@id":"https:\/\/brest-ecologie.bzh\/?page_id=3547#breadcrumb"},"inLanguage":"fr-FR","potentialAction":[{"@type":"ReadAction","target":["https:\/\/brest-ecologie.bzh\/?page_id=3547"]}]},{"@type":"BreadcrumbList","@id":"https:\/\/brest-ecologie.bzh\/?page_id=3547#breadcrumb","itemListElement":[{"@type":"ListItem","position":1,"name":"Accueil","item":"https:\/\/brest-ecologie.bzh\/"},{"@type":"ListItem","position":2,"name":"Eau et assainissement"}]},{"@type":"WebSite","@id":"https:\/\/brest-ecologie.bzh\/#website","url":"https:\/\/brest-ecologie.bzh\/","name":"Elu\u00b7e\u00b7s \u00e9cologistes Brest","description":"","publisher":{"@id":"https:\/\/brest-ecologie.bzh\/#organization"},"potentialAction":[{"@type":"SearchAction","target":{"@type":"EntryPoint","urlTemplate":"https:\/\/brest-ecologie.bzh\/?s={search_term_string}"},"query-input":"required name=search_term_string"}],"inLanguage":"fr-FR"},{"@type":"Organization","@id":"https:\/\/brest-ecologie.bzh\/#organization","name":"Elu\u00b7e\u00b7s \u00e9cologistes de Brest ville et m\u00e9tropole","url":"https:\/\/brest-ecologie.bzh\/","logo":{"@type":"ImageObject","inLanguage":"fr-FR","@id":"https:\/\/brest-ecologie.bzh\/#\/schema\/logo\/image\/","url":"https:\/\/brest-ecologie.bzh\/wp-content\/uploads\/2021\/02\/logo-elus.png","contentUrl":"https:\/\/brest-ecologie.bzh\/wp-content\/uploads\/2021\/02\/logo-elus.png","width":2300,"height":921,"caption":"Elu\u00b7e\u00b7s \u00e9cologistes de Brest ville et m\u00e9tropole"},"image":{"@id":"https:\/\/brest-ecologie.bzh\/#\/schema\/logo\/image\/"},"sameAs":["https:\/\/www.facebook.com\/Elu.e.sEcoloBrest","https:\/\/x.com\/BrestEcologie","https:\/\/www.youtube.com\/channel\/UCF26X4ImxDdDiydIKxoA2WA"]}]}},"_links":{"self":[{"href":"https:\/\/brest-ecologie.bzh\/index.php?rest_route=\/wp\/v2\/pages\/3547","targetHints":{"allow":["GET"]}}],"collection":[{"href":"https:\/\/brest-ecologie.bzh\/index.php?rest_route=\/wp\/v2\/pages"}],"about":[{"href":"https:\/\/brest-ecologie.bzh\/index.php?rest_route=\/wp\/v2\/types\/page"}],"author":[{"embeddable":true,"href":"https:\/\/brest-ecologie.bzh\/index.php?rest_route=\/wp\/v2\/users\/2"}],"replies":[{"embeddable":true,"href":"https:\/\/brest-ecologie.bzh\/index.php?rest_route=%2Fwp%2Fv2%2Fcomments&post=3547"}],"version-history":[{"count":1,"href":"https:\/\/brest-ecologie.bzh\/index.php?rest_route=\/wp\/v2\/pages\/3547\/revisions"}],"predecessor-version":[{"id":3548,"href":"https:\/\/brest-ecologie.bzh\/index.php?rest_route=\/wp\/v2\/pages\/3547\/revisions\/3548"}],"wp:attachment":[{"href":"https:\/\/brest-ecologie.bzh\/index.php?rest_route=%2Fwp%2Fv2%2Fmedia&parent=3547"}],"curies":[{"name":"wp","href":"https:\/\/api.w.org\/{rel}","templated":true}]}}