{"id":731,"date":"2021-01-07T11:50:39","date_gmt":"2021-01-07T10:50:39","guid":{"rendered":"http:\/\/brest-ecologie.bzh\/?page_id=731"},"modified":"2021-01-22T11:19:15","modified_gmt":"2021-01-22T10:19:15","slug":"cop26-territoriale","status":"publish","type":"page","link":"https:\/\/brest-ecologie.bzh\/?page_id=731","title":{"rendered":"COP26 territoriale"},"content":{"rendered":"\n<div class=\"wp-block-cover alignfull has-background-dim-100 has-background-dim\" style=\"background-image:url(http:\/\/brest-ecologie.bzh\/wp-content\/plugins\/twentig\/dist\/images\/patterns\/wide.jpg);background-color:#144523;min-height:500px;aspect-ratio:unset;\"><div class=\"wp-block-cover__inner-container is-layout-flow wp-block-cover-is-layout-flow\">\n<h1 class=\"has-text-align-center wp-block-heading\">COP26 territoriale<\/h1>\n\n\n\n<p class=\"has-text-align-center has-h-2-font-size\"><strong>COP26 an tiriad<\/strong><\/p>\n<\/div><\/div>\n\n\n\n<h2 class=\"has-text-align-center wp-block-heading\">Nos engagements<\/h2>\n\n\n\n<p class=\"has-text-align-center tw-text-wide\">L\u2019une de nos actions consistera en la pr\u00e9paration d\u2019une COP26 territoriale.<\/p>\n\n\n\n<p class=\"has-text-align-center tw-text-wide\">Elle regroupera <strong>tous les acteurs du territoire<\/strong> et traitera de <strong>tous les sujets de politiques publiques<\/strong> pertinents.<\/p>\n\n\n\n<p class=\"has-text-align-center tw-text-wide\">Elle int\u00e8grera un <span class=\"has-inline-color has-accent-color\"><strong>Agenda 2030<\/strong><\/span> de territoire et sera renforc\u00e9e par la cr\u00e9ation d\u2019un <span class=\"has-inline-color has-accent-color\"><strong>GIEC territorial <\/strong><\/span>sur lequel elle pourra s\u2019appuyer.<\/p>\n\n\n\n<div class=\"wp-block-group alignfull has-background-color has-text-color has-background\" style=\"background-color:#144523\"><div class=\"wp-block-group__inner-container is-layout-flow wp-block-group-is-layout-flow\">\n<h2 class=\"has-text-align-center wp-block-heading\">Les actions \u00e0 r\u00e9aliser<\/h2>\n\n\n\n<div class=\"wp-block-columns alignwide is-layout-flex wp-container-core-columns-is-layout-28f84493 wp-block-columns-is-layout-flex\">\n<div class=\"wp-block-column is-layout-flow wp-block-column-is-layout-flow\">\n<ul class=\"is-style-tw-arrow wp-block-list\"><li>Proposition 116 : Cr\u00e9er une COP 26 territoriale<\/li><li>Proposition 116 : R\u00e9aliser un Agenda 2030 de territoire<\/li><\/ul>\n<\/div>\n\n\n\n<div class=\"wp-block-column is-layout-flow wp-block-column-is-layout-flow\">\n<ul class=\"is-style-tw-arrow wp-block-list\"><li>Proposition 117 : Mettre en place un GIEC local pour d\u00e9finir, orienter et assurer le suivi des d\u00e9cisions<\/li><\/ul>\n<\/div>\n\n\n\n<div class=\"wp-block-column is-layout-flow wp-block-column-is-layout-flow\">\n<ul class=\"is-style-tw-arrow wp-block-list\"><li>Proposition 117 : Installer un conseil d\u2019\u00e9valuation de la transition <\/li><\/ul>\n<\/div>\n<\/div>\n<\/div><\/div>\n\n\n\n<div class=\"wp-block-group alignfull\"><div class=\"wp-block-group__inner-container is-layout-flow wp-block-group-is-layout-flow\">\n<h2 class=\"has-text-align-center wp-block-heading\">Articles r\u00e9cents<\/h2>\n\n\n<ul class=\"wp-block-latest-posts__list is-grid columns-3 has-dates alignwide tw-mt-8 is-style-tw-posts-card tw-img-ratio-3-2 tw-heading-size-medium tw-stretched-link wp-block-latest-posts\"><li><div class=\"wp-block-latest-posts__featured-image\"><img loading=\"lazy\" decoding=\"async\" width=\"580\" height=\"579\" src=\"https:\/\/brest-ecologie.bzh\/wp-content\/uploads\/2024\/06\/logo_citoyens_climat-1147932856.jpg\" class=\"attachment-large size-large wp-post-image\" alt=\"Citoyens du climat Brest m\u00e9tropole\" style=\"\" srcset=\"https:\/\/brest-ecologie.bzh\/wp-content\/uploads\/2024\/06\/logo_citoyens_climat-1147932856.jpg 970w, https:\/\/brest-ecologie.bzh\/wp-content\/uploads\/2024\/06\/logo_citoyens_climat-1147932856-300x300.jpg 300w, https:\/\/brest-ecologie.bzh\/wp-content\/uploads\/2024\/06\/logo_citoyens_climat-1147932856-150x150.jpg 150w, https:\/\/brest-ecologie.bzh\/wp-content\/uploads\/2024\/06\/logo_citoyens_climat-1147932856-768x767.jpg 768w\" sizes=\"auto, (min-width: 1280px) 378px, (min-width: 1024px) calc(33.33vw - 48px), (min-width: 700px) calc(50vw - 56px), calc(100vw - 40px)\" \/><\/div><a class=\"wp-block-latest-posts__post-title\" href=\"https:\/\/brest-ecologie.bzh\/?p=4313\">La balance carbone, c&rsquo;est quoi ?<\/a><time datetime=\"2024-06-05T20:05:10+02:00\" class=\"wp-block-latest-posts__post-date\">5 juin 2024<\/time><\/li>\n<li><div class=\"wp-block-latest-posts__featured-image\"><img loading=\"lazy\" decoding=\"async\" width=\"580\" height=\"689\" src=\"https:\/\/brest-ecologie.bzh\/wp-content\/uploads\/2022\/11\/2211_couverture.jpg\" class=\"attachment-large size-large wp-post-image\" alt=\"\" style=\"\" srcset=\"https:\/\/brest-ecologie.bzh\/wp-content\/uploads\/2022\/11\/2211_couverture.jpg 711w, https:\/\/brest-ecologie.bzh\/wp-content\/uploads\/2022\/11\/2211_couverture-252x300.jpg 252w\" sizes=\"auto, (min-width: 1280px) 378px, (min-width: 1024px) calc(33.33vw - 48px), (min-width: 700px) calc(50vw - 56px), calc(100vw - 40px)\" \/><\/div><a class=\"wp-block-latest-posts__post-title\" href=\"https:\/\/brest-ecologie.bzh\/?p=3206\">Climat : Brest organise sa premi\u00e8re COP locale<\/a><time datetime=\"2022-11-08T10:00:00+01:00\" class=\"wp-block-latest-posts__post-date\">8 novembre 2022<\/time><\/li>\n<li><div class=\"wp-block-latest-posts__featured-image\"><img loading=\"lazy\" decoding=\"async\" width=\"580\" height=\"332\" src=\"https:\/\/brest-ecologie.bzh\/wp-content\/uploads\/2022\/10\/cop.visuel.H.2022.jpg\" class=\"attachment-large size-large wp-post-image\" alt=\"Du 7 au 20 novembre 2022, Brest M\u00e9tropole organise sa premi\u00e8re COP locale. Rendons-nous y nombreuses et nombreux pour discuter climat !\" style=\"\" srcset=\"https:\/\/brest-ecologie.bzh\/wp-content\/uploads\/2022\/10\/cop.visuel.H.2022.jpg 800w, https:\/\/brest-ecologie.bzh\/wp-content\/uploads\/2022\/10\/cop.visuel.H.2022-300x172.jpg 300w, https:\/\/brest-ecologie.bzh\/wp-content\/uploads\/2022\/10\/cop.visuel.H.2022-768x440.jpg 768w\" sizes=\"auto, (min-width: 1280px) 378px, (min-width: 1024px) calc(33.33vw - 48px), (min-width: 700px) calc(50vw - 56px), calc(100vw - 40px)\" \/><\/div><a class=\"wp-block-latest-posts__post-title\" href=\"https:\/\/brest-ecologie.bzh\/?p=3167\">Rendez-vous \u00e0 la 1\u00e8re COP locale de Brest<\/a><time datetime=\"2022-10-21T17:17:47+02:00\" class=\"wp-block-latest-posts__post-date\">21 octobre 2022<\/time><\/li>\n<li><div class=\"wp-block-latest-posts__featured-image\"><img loading=\"lazy\" decoding=\"async\" width=\"481\" height=\"269\" src=\"https:\/\/brest-ecologie.bzh\/wp-content\/uploads\/2022\/10\/vignette-1-1.jpg\" class=\"attachment-large size-large wp-post-image\" alt=\"Pr\u00e9sentation des partenariats de la COP locale brestoise par Glen Dissaux en conseil m\u00e9tropolitain\" style=\"\" srcset=\"https:\/\/brest-ecologie.bzh\/wp-content\/uploads\/2022\/10\/vignette-1-1.jpg 481w, https:\/\/brest-ecologie.bzh\/wp-content\/uploads\/2022\/10\/vignette-1-1-300x168.jpg 300w\" sizes=\"auto, (min-width: 1280px) 378px, (min-width: 1024px) calc(33.33vw - 48px), (min-width: 700px) calc(50vw - 56px), calc(100vw - 40px)\" \/><\/div><a class=\"wp-block-latest-posts__post-title\" href=\"https:\/\/brest-ecologie.bzh\/?p=3096\">Des partenariats pour la COP locale<\/a><time datetime=\"2022-10-11T10:49:09+02:00\" class=\"wp-block-latest-posts__post-date\">11 octobre 2022<\/time><\/li>\n<li><div class=\"wp-block-latest-posts__featured-image\"><img loading=\"lazy\" decoding=\"async\" width=\"580\" height=\"268\" src=\"https:\/\/brest-ecologie.bzh\/wp-content\/uploads\/2021\/10\/20211008_110444-1024x473.jpg\" class=\"attachment-large size-large wp-post-image\" alt=\"Journ\u00e9es europ\u00e9ennes de la Paix\" style=\"\" srcset=\"https:\/\/brest-ecologie.bzh\/wp-content\/uploads\/2021\/10\/20211008_110444-1024x473.jpg 1024w, https:\/\/brest-ecologie.bzh\/wp-content\/uploads\/2021\/10\/20211008_110444-300x139.jpg 300w, https:\/\/brest-ecologie.bzh\/wp-content\/uploads\/2021\/10\/20211008_110444-768x355.jpg 768w, https:\/\/brest-ecologie.bzh\/wp-content\/uploads\/2021\/10\/20211008_110444-1536x710.jpg 1536w, https:\/\/brest-ecologie.bzh\/wp-content\/uploads\/2021\/10\/20211008_110444-2048x947.jpg 2048w, https:\/\/brest-ecologie.bzh\/wp-content\/uploads\/2021\/10\/20211008_110444-1200x555.jpg 1200w, https:\/\/brest-ecologie.bzh\/wp-content\/uploads\/2021\/10\/20211008_110444-1980x915.jpg 1980w, https:\/\/brest-ecologie.bzh\/wp-content\/uploads\/2021\/10\/20211008_110444-1320x610.jpg 1320w\" sizes=\"auto, (min-width: 1280px) 378px, (min-width: 1024px) calc(33.33vw - 48px), (min-width: 700px) calc(50vw - 56px), calc(100vw - 40px)\" \/><\/div><a class=\"wp-block-latest-posts__post-title\" href=\"https:\/\/brest-ecologie.bzh\/?p=2086\">Journ\u00e9es europ\u00e9ennes pour la paix<\/a><time datetime=\"2021-10-08T12:13:43+02:00\" class=\"wp-block-latest-posts__post-date\">8 octobre 2021<\/time><\/li>\n<li><div class=\"wp-block-latest-posts__featured-image\"><img loading=\"lazy\" decoding=\"async\" width=\"580\" height=\"372\" src=\"https:\/\/brest-ecologie.bzh\/wp-content\/uploads\/2021\/10\/Glen-Telegramme.jpg\" class=\"attachment-large size-large wp-post-image\" alt=\"Le pr\u00e9sident du groupe revient sur la position des \u00e9cologistes sur le projet de nouveau stade, la zone 30 et l&#039;urbanisme \u00e0 Brest\" style=\"\" srcset=\"https:\/\/brest-ecologie.bzh\/wp-content\/uploads\/2021\/10\/Glen-Telegramme.jpg 676w, https:\/\/brest-ecologie.bzh\/wp-content\/uploads\/2021\/10\/Glen-Telegramme-300x192.jpg 300w\" sizes=\"auto, (min-width: 1280px) 378px, (min-width: 1024px) calc(33.33vw - 48px), (min-width: 700px) calc(50vw - 56px), calc(100vw - 40px)\" \/><\/div><a class=\"wp-block-latest-posts__post-title\" href=\"https:\/\/brest-ecologie.bzh\/?p=2029\">Nouveau stade, zone 30 et urbanisme : la position des \u00e9cologistes<\/a><time datetime=\"2021-09-30T11:05:00+02:00\" class=\"wp-block-latest-posts__post-date\">30 septembre 2021<\/time><\/li>\n<\/ul>\n\n\n<div class=\"wp-block-buttons aligncenter is-layout-flex wp-block-buttons-is-layout-flex\">\n<div class=\"wp-block-button\"><a class=\"wp-block-button__link\" href=\"http:\/\/brest-ecologie.bzh\/?cat=40\" target=\"_blank\" rel=\"noreferrer noopener\">voir plus<\/a><\/div>\n<\/div>\n<\/div><\/div>\n","protected":false},"excerpt":{"rendered":"<p>Nos engagements L\u2019une de nos actions consistera en la pr\u00e9paration d\u2019une COP26 territoriale. Elle regroupera tous les acteurs du territoire et traitera de tous les sujets de politiques publiques pertinents. Elle int\u00e8grera un Agenda 2030 de territoire et sera renforc\u00e9e par la cr\u00e9ation d\u2019un GIEC territorial sur lequel elle pourra s\u2019appuyer. Les actions \u00e0 r\u00e9aliser&hellip;<\/p>\n","protected":false},"author":1,"featured_media":0,"parent":53,"menu_order":0,"comment_status":"closed","ping_status":"closed","template":"tw-header-transparent-light.php","meta":{"footnotes":""},"class_list":["post-731","page","type-page","status-publish","hentry"],"yoast_head":"<!-- This site is optimized with the Yoast SEO plugin v23.0 - https:\/\/yoast.com\/wordpress\/plugins\/seo\/ -->\n<title>COP26 territoriale - Elu\u00b7es \u00e9cologistes Brest<\/title>\n<meta name=\"robots\" content=\"index, follow, max-snippet:-1, max-image-preview:large, max-video-preview:-1\" \/>\n<link rel=\"canonical\" href=\"https:\/\/brest-ecologie.bzh\/?page_id=731\" \/>\n<meta property=\"og:locale\" content=\"fr_FR\" \/>\n<meta property=\"og:type\" content=\"article\" \/>\n<meta property=\"og:title\" content=\"COP26 territoriale - Elu\u00b7es \u00e9cologistes Brest\" \/>\n<meta property=\"og:description\" content=\"Nos engagements L\u2019une de nos actions consistera en la pr\u00e9paration d\u2019une COP26 territoriale. Elle regroupera tous les acteurs du territoire et traitera de tous les sujets de politiques publiques pertinents. Elle int\u00e8grera un Agenda 2030 de territoire et sera renforc\u00e9e par la cr\u00e9ation d\u2019un GIEC territorial sur lequel elle pourra s\u2019appuyer. Les actions \u00e0 r\u00e9aliser&hellip;\" \/>\n<meta property=\"og:url\" content=\"https:\/\/brest-ecologie.bzh\/?page_id=731\" \/>\n<meta property=\"og:site_name\" content=\"Elu\u00b7es \u00e9cologistes Brest\" \/>\n<meta property=\"article:publisher\" content=\"https:\/\/www.facebook.com\/Elu.e.sEcoloBrest\" \/>\n<meta property=\"article:modified_time\" content=\"2021-01-22T10:19:15+00:00\" \/>\n<meta name=\"twitter:card\" content=\"summary_large_image\" \/>\n<meta name=\"twitter:site\" content=\"@BrestEcologie\" \/>\n<meta name=\"twitter:label1\" content=\"Dur\u00e9e de lecture estim\u00e9e\" \/>\n\t<meta name=\"twitter:data1\" content=\"1 minute\" \/>\n<script type=\"application\/ld+json\" class=\"yoast-schema-graph\">{\"@context\":\"https:\/\/schema.org\",\"@graph\":[{\"@type\":\"WebPage\",\"@id\":\"https:\/\/brest-ecologie.bzh\/?page_id=731\",\"url\":\"https:\/\/brest-ecologie.bzh\/?page_id=731\",\"name\":\"COP26 territoriale - Elu\u00b7es \u00e9cologistes Brest\",\"isPartOf\":{\"@id\":\"https:\/\/brest-ecologie.bzh\/#website\"},\"datePublished\":\"2021-01-07T10:50:39+00:00\",\"dateModified\":\"2021-01-22T10:19:15+00:00\",\"breadcrumb\":{\"@id\":\"https:\/\/brest-ecologie.bzh\/?page_id=731#breadcrumb\"},\"inLanguage\":\"fr-FR\",\"potentialAction\":[{\"@type\":\"ReadAction\",\"target\":[\"https:\/\/brest-ecologie.bzh\/?page_id=731\"]}]},{\"@type\":\"BreadcrumbList\",\"@id\":\"https:\/\/brest-ecologie.bzh\/?page_id=731#breadcrumb\",\"itemListElement\":[{\"@type\":\"ListItem\",\"position\":1,\"name\":\"Accueil\",\"item\":\"https:\/\/brest-ecologie.bzh\/\"},{\"@type\":\"ListItem\",\"position\":2,\"name\":\"Programme\",\"item\":\"https:\/\/brest-ecologie.bzh\/?page_id=53\"},{\"@type\":\"ListItem\",\"position\":3,\"name\":\"COP26 territoriale\"}]},{\"@type\":\"WebSite\",\"@id\":\"https:\/\/brest-ecologie.bzh\/#website\",\"url\":\"https:\/\/brest-ecologie.bzh\/\",\"name\":\"Elu\u00b7e\u00b7s \u00e9cologistes Brest\",\"description\":\"\",\"publisher\":{\"@id\":\"https:\/\/brest-ecologie.bzh\/#organization\"},\"potentialAction\":[{\"@type\":\"SearchAction\",\"target\":{\"@type\":\"EntryPoint\",\"urlTemplate\":\"https:\/\/brest-ecologie.bzh\/?s={search_term_string}\"},\"query-input\":\"required name=search_term_string\"}],\"inLanguage\":\"fr-FR\"},{\"@type\":\"Organization\",\"@id\":\"https:\/\/brest-ecologie.bzh\/#organization\",\"name\":\"Elu\u00b7e\u00b7s \u00e9cologistes de Brest ville et m\u00e9tropole\",\"url\":\"https:\/\/brest-ecologie.bzh\/\",\"logo\":{\"@type\":\"ImageObject\",\"inLanguage\":\"fr-FR\",\"@id\":\"https:\/\/brest-ecologie.bzh\/#\/schema\/logo\/image\/\",\"url\":\"https:\/\/brest-ecologie.bzh\/wp-content\/uploads\/2021\/02\/logo-elus.png\",\"contentUrl\":\"https:\/\/brest-ecologie.bzh\/wp-content\/uploads\/2021\/02\/logo-elus.png\",\"width\":2300,\"height\":921,\"caption\":\"Elu\u00b7e\u00b7s \u00e9cologistes de Brest ville et m\u00e9tropole\"},\"image\":{\"@id\":\"https:\/\/brest-ecologie.bzh\/#\/schema\/logo\/image\/\"},\"sameAs\":[\"https:\/\/www.facebook.com\/Elu.e.sEcoloBrest\",\"https:\/\/x.com\/BrestEcologie\",\"https:\/\/www.youtube.com\/channel\/UCF26X4ImxDdDiydIKxoA2WA\"]}]}<\/script>\n<!-- \/ Yoast SEO plugin. -->","yoast_head_json":{"title":"COP26 territoriale - Elu\u00b7es \u00e9cologistes Brest","robots":{"index":"index","follow":"follow","max-snippet":"max-snippet:-1","max-image-preview":"max-image-preview:large","max-video-preview":"max-video-preview:-1"},"canonical":"https:\/\/brest-ecologie.bzh\/?page_id=731","og_locale":"fr_FR","og_type":"article","og_title":"COP26 territoriale - Elu\u00b7es \u00e9cologistes Brest","og_description":"Nos engagements L\u2019une de nos actions consistera en la pr\u00e9paration d\u2019une COP26 territoriale. Elle regroupera tous les acteurs du territoire et traitera de tous les sujets de politiques publiques pertinents. Elle int\u00e8grera un Agenda 2030 de territoire et sera renforc\u00e9e par la cr\u00e9ation d\u2019un GIEC territorial sur lequel elle pourra s\u2019appuyer. Les actions \u00e0 r\u00e9aliser&hellip;","og_url":"https:\/\/brest-ecologie.bzh\/?page_id=731","og_site_name":"Elu\u00b7es \u00e9cologistes Brest","article_publisher":"https:\/\/www.facebook.com\/Elu.e.sEcoloBrest","article_modified_time":"2021-01-22T10:19:15+00:00","twitter_card":"summary_large_image","twitter_site":"@BrestEcologie","twitter_misc":{"Dur\u00e9e de lecture estim\u00e9e":"1 minute"},"schema":{"@context":"https:\/\/schema.org","@graph":[{"@type":"WebPage","@id":"https:\/\/brest-ecologie.bzh\/?page_id=731","url":"https:\/\/brest-ecologie.bzh\/?page_id=731","name":"COP26 territoriale - Elu\u00b7es \u00e9cologistes Brest","isPartOf":{"@id":"https:\/\/brest-ecologie.bzh\/#website"},"datePublished":"2021-01-07T10:50:39+00:00","dateModified":"2021-01-22T10:19:15+00:00","breadcrumb":{"@id":"https:\/\/brest-ecologie.bzh\/?page_id=731#breadcrumb"},"inLanguage":"fr-FR","potentialAction":[{"@type":"ReadAction","target":["https:\/\/brest-ecologie.bzh\/?page_id=731"]}]},{"@type":"BreadcrumbList","@id":"https:\/\/brest-ecologie.bzh\/?page_id=731#breadcrumb","itemListElement":[{"@type":"ListItem","position":1,"name":"Accueil","item":"https:\/\/brest-ecologie.bzh\/"},{"@type":"ListItem","position":2,"name":"Programme","item":"https:\/\/brest-ecologie.bzh\/?page_id=53"},{"@type":"ListItem","position":3,"name":"COP26 territoriale"}]},{"@type":"WebSite","@id":"https:\/\/brest-ecologie.bzh\/#website","url":"https:\/\/brest-ecologie.bzh\/","name":"Elu\u00b7e\u00b7s \u00e9cologistes Brest","description":"","publisher":{"@id":"https:\/\/brest-ecologie.bzh\/#organization"},"potentialAction":[{"@type":"SearchAction","target":{"@type":"EntryPoint","urlTemplate":"https:\/\/brest-ecologie.bzh\/?s={search_term_string}"},"query-input":"required name=search_term_string"}],"inLanguage":"fr-FR"},{"@type":"Organization","@id":"https:\/\/brest-ecologie.bzh\/#organization","name":"Elu\u00b7e\u00b7s \u00e9cologistes de Brest ville et m\u00e9tropole","url":"https:\/\/brest-ecologie.bzh\/","logo":{"@type":"ImageObject","inLanguage":"fr-FR","@id":"https:\/\/brest-ecologie.bzh\/#\/schema\/logo\/image\/","url":"https:\/\/brest-ecologie.bzh\/wp-content\/uploads\/2021\/02\/logo-elus.png","contentUrl":"https:\/\/brest-ecologie.bzh\/wp-content\/uploads\/2021\/02\/logo-elus.png","width":2300,"height":921,"caption":"Elu\u00b7e\u00b7s \u00e9cologistes de Brest ville et m\u00e9tropole"},"image":{"@id":"https:\/\/brest-ecologie.bzh\/#\/schema\/logo\/image\/"},"sameAs":["https:\/\/www.facebook.com\/Elu.e.sEcoloBrest","https:\/\/x.com\/BrestEcologie","https:\/\/www.youtube.com\/channel\/UCF26X4ImxDdDiydIKxoA2WA"]}]}},"_links":{"self":[{"href":"https:\/\/brest-ecologie.bzh\/index.php?rest_route=\/wp\/v2\/pages\/731","targetHints":{"allow":["GET"]}}],"collection":[{"href":"https:\/\/brest-ecologie.bzh\/index.php?rest_route=\/wp\/v2\/pages"}],"about":[{"href":"https:\/\/brest-ecologie.bzh\/index.php?rest_route=\/wp\/v2\/types\/page"}],"author":[{"embeddable":true,"href":"https:\/\/brest-ecologie.bzh\/index.php?rest_route=\/wp\/v2\/users\/1"}],"replies":[{"embeddable":true,"href":"https:\/\/brest-ecologie.bzh\/index.php?rest_route=%2Fwp%2Fv2%2Fcomments&post=731"}],"version-history":[{"count":5,"href":"https:\/\/brest-ecologie.bzh\/index.php?rest_route=\/wp\/v2\/pages\/731\/revisions"}],"predecessor-version":[{"id":1340,"href":"https:\/\/brest-ecologie.bzh\/index.php?rest_route=\/wp\/v2\/pages\/731\/revisions\/1340"}],"up":[{"embeddable":true,"href":"https:\/\/brest-ecologie.bzh\/index.php?rest_route=\/wp\/v2\/pages\/53"}],"wp:attachment":[{"href":"https:\/\/brest-ecologie.bzh\/index.php?rest_route=%2Fwp%2Fv2%2Fmedia&parent=731"}],"curies":[{"name":"wp","href":"https:\/\/api.w.org\/{rel}","templated":true}]}}